0. Let v(d) = -8*d - 16. What is the remainder when 94 is divided by v(c)?
22
Let m(d) = 2*d**2 + 2*d - 1. Let p(t) = 2*t + 7. Suppose -4*r - 2*k - 10 = 0, 4*k = 2*k + 10. Let b be p(r). What is the remainder when 32 is divided by m(b)?
10
Suppose 2*x - 107 = 23. Let z(j) = 60*j + 852. Calculate the remainder when x is divided by z(-14).
5
Let z = 32 - 18. Let l(q) = q**3 - 14*q**2 + 5. What is the remainder when 27 is divided by l(z)?
2
Let n be (-2 - -6)*3/6. Suppose -n*q = -6*q + 72. Suppose 47 + 23 = 2*f. What is the remainder when f is divided by q?
17
Let g(w) = 3*w - 53. Let c be g(17). Let m = c - -27. What is the remainder when m is divided by 7?
4
Suppose 4*t - 4 = 2*t. Let o = 92 + -54. Suppose 0 = t*j - 30 - o. What is the remainder when j is divided by 18?
16
Let a(o) = -o**3 - 21*o**2 + 21*o - 17. Let t be a(-22). Calculate the remainder when (9/t)/(15/825) is divided by 20.
19
Suppose 6*b + 357 = 23*b. Calculate the remainder when b is divided by 5.
1
Suppose -244*p = -246*p + 58. Calculate the remainder when p is divided by 17.
12
Let p(o) = o**2 + 16*o + 20. Suppose 80 = -11*z - 107. What is the remainder when p(z) is divided by 8?
5
Suppose -12599 = -21*z - 3443. Calculate the remainder when z is divided by 88.
84
Let q(g) = 5*g. Let v be q(-17). Let r = v - -118. Calculate the remainder when r is divided by (-2)/5 - 368/(-20).
15
Suppose 144 = 35*u - 171. What is the remainder when 159 is divided by u?
6
Let a = 0 + 21. Suppose s - a = -2. What is the remainder when 73 is divided by s?
16
Suppose 10 = 82*a - 83*a. What is the remainder when 72 is divided by (-3)/3 - (a - 6)?
12
Let y(s) = s**2 - 6*s + 10. Let w be y(3). Let f(r) = 41*r**2 - 1 - 3*r + 11*r**2 + 4*r. Calculate the remainder when f(w) is divided by 18.
16
Suppose -5*b + 2*x - 5*x = 101, -b = x + 19. Let y = -4 - b. Calculate the remainder when 29 is divided by y.
11
Suppose -10 = -2*z + 4*a + 50, -4*z + 100 = 2*a. Suppose -6*m = -134 + z. Calculate the remainder when 34 is divided by m.
16
Let h(r) = -2*r**2 + 4*r - 6. Let q be h(6). Let j = q - -92. Calculate the remainder when j is divided by 14.
10
Let d = 1037 + -354. What is the remainder when d is divided by 76?
75
Let c be ((-12)/36)/(1/(-3)) + -6. Let l = 10 + 2. Let w = c + l. What is the remainder when w is divided by 4?
3
Suppose 2*c - 2*i - 50 = 0, 2*c + c = -4*i + 47. Let u = 7754 - 7743. Calculate the remainder when c is divided by u.
10
Let l(s) = -20*s. Let o = -3211 + 3410. Calculate the remainder when o is divided by l(-2).
39
Let v(l) be the third derivative of -l**5/60 + 11*l**4/24 + 2*l**3/3 - 9*l**2. Suppose 5*b = 21 + 19. Calculate the remainder when v(b) is divided by 16.
12
Let o = -73 - -200. Calculate the remainder when 386 is divided by o.
5
What is the remainder when ((-2)/(-4) + -1)/((-8)/3232) is divided by 51?
49
Let t(v) = 55*v - 254. What is the remainder when 186 is divided by t(5)?
18
Let a be -26 - (15 + -16)*(-2 + 0). What is the remainder when 31 is divided by (32/(-20))/(-2 + a/(-15))?
7
Suppose 180 = 5*p + 5*i, 4*p + i - 109 - 50 = 0. Let r(x) = x**3 + 5*x**2 - 3*x. Calculate the remainder when p is divided by r(-5).
11
Suppose -8*b + 662 = 222. Calculate the remainder when b is divided by 19.
17
What is the remainder when 37 is divided by (-1)/(3 - 7/((-532)/(-232)))?
18
What is the remainder when (2742 - 0) + (6 - 10 - 3) is divided by 144?
143
What is the remainder when 207 is divided by (12/(-30))/((4/65)/(-4))?
25
Let f(g) = -g**2 - 12*g + 31. Suppose -s + 8 = -9. Calculate the remainder when f(-6) is divided by s.
16
Let z be (-1278)/(-27) - 4/3. Suppose -2*q - 7*v + z = -3*v, 4*q - 117 = -3*v. Calculate the remainder when q is divided by (-4)/(16/18)*-2.
6
Let c = -13 + 13. Let o(t) = -t**2 - t + 13. Let d be o(c). Suppose -2*h + d = -81. What is the remainder when h is divided by 16?
15
Let c(m) = m**3 - 8*m**2 + 4. Let i be c(8). What is the remainder when (0 - i)*(-738)/36 is divided by 14?
12
Suppose 60*f - 52*f = 808. What is the remainder when f is divided by 35?
31
Suppose -w + 4*w - 22 = -5*a, -4 = 4*a - 3*w. Let t = a - -2. Suppose 5*d - 41 = t*d. What is the remainder when d is divided by 22?
19
Let n be (3 - 8)*(0 - 1). Suppose -n*f - 132 = -627. Calculate the remainder when f is divided by 34.
31
Suppose m = 3*m - 46. Suppose 3*l = 185 - m. Suppose 151 = 5*b - l. What is the remainder when b is divided by 11?
8
Let a(x) = x**3 - 2*x**2 - x - 2. Let j be 27/(-36) - 14/(-8). Calculate the remainder when (j - 1) + 1313/13 is divided by a(4).
23
Let r(b) = -b**2 + 8*b + 42. Suppose -t + 2*c = -2*t + 21, 4*t + 5*c - 69 = 0. What is the remainder when 34 is divided by r(t)?
7
Let f = -11 + 5. Let h(r) = r - 6. Let a be h(f). Let x = a + 32. Calculate the remainder when x is divided by 11.
9
Let s(w) = w**3 - 3*w**2 - 5*w + 4. Let y be s(4). Suppose 7*h - 629 - 743 = y. Calculate the remainder when h is divided by 25.
21
Let s(y) = -5*y - 5. Let o(z) = -6*z - 5. Let r(k) = -2*o(k) + 3*s(k). Let u be r(-9). Suppose 5*d - u = 18. Calculate the remainder when 12 is divided by d.
4
Let y(u) = u**3 + 10*u**2 - 13*u - 14. Let k be y(-11). Suppose 0*m = k*m - 760. What is the remainder when m is divided by 16?
15
Let s(w) = -w**3 + 5*w**2 + 7*w - 5. Let c be s(6). What is the remainder when 564/16 - c/4 is divided by 19?
16
Let w = 64 + 27. Calculate the remainder when w is divided by 33.
25
Suppose 79*w = 98*w - 855. Suppose -538 = -3*c - 2*s, 2*c - 191 = c - 3*s. What is the remainder when c is divided by w?
41
Let z(o) = o**2 - 8. Let u be z(0). Let s = -33 - -66. Calculate the remainder when s is divided by -1*(u/(-16))/(2/(-68)).
16
Suppose 32 = 2*q - 5*a - 32, -20*q + 4*a = -548. Calculate the remainder when 1077 is divided by q.
24
Suppose 12 = 6*n - 2*n + q, 0 = 3*n - 5*q - 9. Suppose -n*m + 15 = -0*m. Suppose -m*l + 43 + 147 = 0. What is the remainder when l is divided by 10?
8
Let o(z) = 12*z - 3. Let j be o(8). Suppose -5*n + 3*p - 26 + 181 = 0, j = 3*n + p. What is the remainder when n is divided by 19?
12
Suppose f + 13 = 2*f. Let l = f - 11. Suppose c - 3 = -z, -c - c = -l*z - 6. Calculate the remainder when c is divided by 3.
0
Calculate the remainder when 35 is divided by -2*(-2 + (-7)/2 + 0).
2
Suppose 0 = 9*z + 119 - 443. What is the remainder when 209 is divided by z?
29
Let w be (-12)/(-54) + (-2019)/(-27). Let v = 38 + w. What is the remainder when v is divided by 29?
26
What is the remainder when 633/33 + (-4)/22 is divided by 15?
4
Let h = 292 + 41. What is the remainder when h is divided by 26?
21
Let k = -1618 + 1880. Calculate the remainder when k is divided by 11.
9
Let j(t) = -45*t - 10. Let v be j(-7). Suppose -93 = 4*m - v. Let s(d) = -12*d - 397. What is the remainder when m is divided by s(-34)?
9
Let g(x) = -x**2 - 14*x - 12. Suppose -4*h - 55 = -15. What is the remainder when 81 is divided by g(h)?
25
Suppose 4*k - 375 = k. Suppose 3*v - 40 = k. Calculate the remainder when v is divided by 29.
26
Suppose 3*z - 19*a - 414 = -16*a, z - 132 = -5*a. Calculate the remainder when z is divided by 7.
4
Let n be 98*(-1)/(-2) + (-2)/(-2). Suppose 5*t - 15 = 0, 5*u + 8*t - 3*t - 65 = 0. Calculate the remainder when n + (3/1 - 2)/(-1) is divided by u.
9
Let q be -5 + 1 + (-7 - -5). Let s(l) be the third derivative of -l**5/60 - 13*l**4/24 + 4*l**3/3 - 2*l**2. What is the remainder when s(q) is divided by 13?
11
Calculate the remainder when 369/6 - 5/10 is divided by 20.
1
Suppose -2*q + 2 = -2*l, 2*q = 3*l + q - 3. Suppose i = -0*i + l. Suppose i*m = 4*t - 24, -3*m - 4 = t + t. Calculate the remainder when 7 is divided by t.
3
Suppose 5 + 3 = 4*n. Let r(s) = s**2 - 2*s + 2. Let z be r(2). Suppose 40 = 5*g - a, g - z*a + 19 = n*g. What is the remainder when g is divided by 6?
3
Let u be 3 + 2/(-1) + 233. Let d(j) = -j**2 + 12*j - 17. Let c be d(10). Calculate the remainder when (-1 + 4 + u)/c is divided by 41.
38
Let o(u) = u + 6. Let m be o(-4). Suppose 3*n + m = 2*n, -n - 58 = -4*i. Calculate the remainder when i is divided by 4.
2
Let o be (((-146)/(-5))/(1/5))/2. Suppose -16 = 71*a - o*a. Calculate the remainder when 38 is divided by a.
6
Suppose -2*u = -2*v - 9 + 1, 5*u = -3*v + 28. Calculate the remainder when 5 is divided by u.
0
Let